4342a (base 14) to base 13.
590aa
14136944 (base 10) to base 3
222121020020112
What is -60c118 (base 16) in base 6?
-343523544
Convert -290774 (base 12) to base 9.
-1254147
1101011111110111011 (base 2) to base 6
13251403
Convert -728545 (base 10) to base 5.
-141303140
What is -1101112112110 (base 3) in base 8?
-2643063
What is -11101010100110011 (base 2) in base 8?
-352463
-644987 (base 10) to base 9
-1182672
What is 1101000011100011100 (base 2) in base 7?
3431146
Convert -37120 (base 14) to base 2.
-100000111000011000
Convert -786aa (base 11) to base 14.
-2d777
267656 (base 12) to base 16
9b0e2
What is -298c1 (base 14) in base 2?
-11001001101100001
What is 10111202102102 (base 3) in base 14?
3679aa
What is 1101101010111010100101 (base 2) in base 3?
20202001211220
What is 777069 (base 10) in base 13?
212907
24412310 (base 5) to base 12
b2465
Convert 52257532 (base 8) to base 4.
222111331122
What is -1048242 (base 10) in base 12?
-426756
-2c2c0 (base 16) to base 5
-21242203
-120021013 (base 4) to base 13
-36019
10000121221011 (base 3) to base 11
9a8126
214044 (base 5) to base 9
11131
Convert -26364251 (base 7) to base 15.
-32bc78
Convert -321302032 (base 4) to base 11.
-15190a
Convert -21030144 (base 5) to base 2.
-101010011011100111
-4024234 (base 6) to base 7
-1421305
Convert -14430044 (base 6) to base 2.
-1111010011101001100
11000010110101 (base 2) to base 8
30265
What is -10021303303 (base 4) in base 15?
-1678da
-17a20 (base 15) to base 2
-10010101011110010
Convert 5f36eb (base 16) to base 4.
113303123223
What is -189440 (base 13) in base 5?
-124322112
Convert 1001111011010000111 (base 2) to base 10.
325255
85d207 (base 15) to base 16
613c69
-39828a (base 15) to base 13
-758b30
-8470786 (base 10) to base 8
-40240402
-201010112201120 (base 3) to base 5
-10100322122
1831683 (base 10) to base 9
3401533
What is 10358571 (base 9) in base 4?
103010200312
-1624654 (base 15) to base 9
-33202327
What is 213120123032 (base 4) in base 3?
201102111101212
Convert -14663334 (base 7) to base 11.
-883883
Convert -1436451 (base 12) to base 13.
-abc637
3800 (base 13) to base 14
2c75
What is -31b7b9 (base 15) in base 9?
-4407683
What is -144044331 (base 5) in base 8?
-2735314
Convert -2340400341 (base 5) to base 3.
-101011111211022
What is -3437788 (base 10) in base 13?
-9349c3
What is -3511a6 (base 11) in base 6?
-15542554
What is -1bef88 (base 16) in base 5?
-432041132
1111111010110001100010 (base 2) to base 6
225234550
What is -269a6 (base 14) in base 3?
-11211121011
Convert 23011011310 (base 4) to base 9.
5416121
What is 39c5c1 (base 13) in base 12?
575246
Convert 31a2a4 (base 16) to base 6.
153415420
Convert 174a083 (base 13) to base 8.
34661705
Convert 1be4e0 (base 15) to base 3.
2120022220010
3111322102 (base 4) to base 16
d5e92
What is -145535421 (base 7) in base 15?
-cc608c
Convert -333440221 (base 5) to base 13.
-3c5365
What is -b0b90 (base 16) in base 5?
-141130411
What is 882213 (base 10) in base 13?
24b727
-508855 (base 9) to base 11
-196801
What is -181dd56 (base 14) in base 16?
-b5b6e8
What is 1124121 (base 7) in base 6?
3003210
891076 (base 11) to base 13
3aa0a2
What is 2061332 (base 7) in base 9?
421208
What is -3948051 (base 10) in base 13?
-a83033
Convert -31102331200 (base 4) to base 13.
-950662
Convert -12346 (base 15) to base 12.
-29770
Convert 49468 (base 14) to base 5.
21213421
Convert -100110010001001001 (base 2) to base 12.
-76861
Convert 32b73 (base 12) to base 14.
1a779
What is 100010022210110 (base 3) in base 15?
65b889
21673220 (base 8) to base 4
101313122100
What is 165757 (base 9) in base 11?
70165
3ba744 (base 13) to base 8
5422373
Convert -10001011011001100010101 (base 2) to base 8.
-21331425
-89ab11 (base 15) to base 11
-3785869
-201110102021 (base 3) to base 2
-1011101100000110101
2554201 (base 8) to base 5
140221120
3333023121 (base 4) to base 16
ff2d9
-d3b59 (base 15) to base 5
-132431214
Convert 3282266 (base 9) to base 6.
101510353
What is 11171376 (base 8) in base 10?
2421502
Convert 3134701 (base 11) to base 2.
10101000101000101000101
2432420 (base 8) to base 14
135ada
Convert -57a750 (base 11) to base 13.
-263847
50343233 (base 6) to base 10
1428933
What is 92a837 (base 11) in base 12?
600057
Convert -1384103 (base 9) to base 2.
-10111010100010101100
-77913 (base 12) to base 8
-465537
4907728 (base 10) to base 3
100020100010201
2123206 (base 9) to base 4
10111230000
Convert -17b4b (base 12) to base 11.
-239a1
What is -5458b (base 13) in base 5?
-14340203
67e71a (base 15) to base 5
2232200400
Convert 12311212011 (base 4) to base 15.
256129
62375 (base 10) to base 14
18a35
-b72907 (base 12) to base 11
-16a2103
Convert -e7a5 (base 16) to base 8.
-163645
-4507506 (base 12) to base 3
-220211200020220
1310201 (base 7) to base 3
22122222102
What is -11020201021 (base 3) in base 12?
-4048a
What is -832ca9 (base 13) in base 5?
-1241000323
387739 (base 11) to base 14
11c6a3
Convert -82163 (base 10) to base 2.
-10100000011110011
What is -130340 (base 11) in base 5?
-23033011
2dd904 (base 16) to base 6
144222312
13814948 (base 10) to base 12
4762918
-3874468 (base 9) to base 14
-3d118c
Convert 1150164 (base 9) to base 16.
9834a
Convert 144991 (base 10) to base 7.
1142500
Convert 32211000211 (base 4) to base 16.
3a5025
129241 (base 13) to base 8
1554103
38734 (base 13) to base 5
11320420
What is 754128 (base 10) in base 14?
158b84
5734162 (base 8) to base 7
16133130
What is 133620 (base 8) in base 3?
2101110110
20121012010121 (base 3) to base 14
674268
2582546 (base 9) to base 3
2122202121120
What is -2643246 (base 9) in base 6?
-50553323
What is 3302323200 (base 4) in base 2?
11110010111011100000
What is 3743786 (base 9) in base 2?
111110001010000000110
aa390a (base 13) to base 15
54225c
What is 12335013 (base 6) in base 9?
671740
Convert af35 (base 16) to base 11.
30776
Convert 823013 (base 11) to base 5.
314243242
Convert 77493 (base 10) to base 13.
29370
What is 85368 (base 10) in base 9?
140083
-1200031112 (base 4) to base 15
-7bb65
-1200120122020 (base 3) to base 10
-897135
What is -dbcb21 (base 14) in base 7?
-120214241
What is 111100012112121 (base 3) in base 2?
11011000010111011111111
-2c54c (base 13) to base 11
-58453
-7b615 (base 12) to base 3
-22101101122
-b1b58 (base 13) to base 9
-534556
1010101010110101101100 (base 2) to base 11
16403a4
What is 524494 (base 10) in base 14?
d91dc
-170645 (base 8) to base 7
-345232
Convert -426b5 (base 12) to base 11.
-5a736
Convert 11002202221112 (base 3) to base 14.
40a86b
3177037 (base 9) to base 7
20326126
2167265 (base 8) to base 7
4655461
1203300110 (base 4) to base 14
a8c96
What is -1101001001011110 (base 2) in base 3?
-2201212121
Convert -1756006 (base 9) to base 12.
-3b4329
110111100110111001 (base 2) to base 9
376386
What is 25413332 (base 6) in base 10?
826328
What is 1033045 (base 8) in base 15?
56ba5
Convert 1a6164 (base 15) to base 8.
4720062
What is 108094 (base 15) in base 3?
1110221220011
What is -28121a (base 12) in base 3?
-1020211000111
Convert -147e11 (base 15) to base 3.
-1212020012021
Convert 1123331 (base 5) to base 2.
100111111110010
What is -11210201 (base 4) in base 16?
-5921
What is -40 (base 5) in base 2?
-10100
-5208118 (base 10) to base 7
-62161006
101201121100 (base 3) to base 7
1536342
Convert -2822740 (base 9) to base 15.
-2095dc
Convert -7893ac (base 14) to base 6.
-223454020
7814272 (base 10) to base 9
15630144
Convert -210001202102110 (base 3) to base 11.
-6356931
What is -110000000111001 (base 2) in base 3?
-1020210100
What is -240342441 (base 5) in base 10?
-1105996
What is -10000111100000110010 (base 2) in base 9?
-1035351
Convert -167525 (base 9) to base 11.
-71107
330323002 (base 4) to base 3
110200022011
12020230101 (base 4) to base 9
3021353
What is 63675 (base 14) in base 16?
3a987
19b80 (base 16) to base 11
72168
Convert -1137348 (base 10) to base 2.
-100010101101011000100
What is 2183796 (base 11) in base 5?
1434414441
Convert 21751774 (base 8) to base 6.
244521100
Convert 60253425 (base 7) to base 5.
2234104441
What is -601792 (base 12) in base 11?
-931933
Convert a8ea74 (base 15) to base 4.
132230323213
-2769a (base 11) to base 15
-ba3e
Convert 171780 (base 12) to base 5.
100144231
Convert -203221102 (base 4) to base 6.
-3043534
-